ose 2*h = g*v - 4, -5*h = -v - 5 - 5. What is the units digit of v?
5
Suppose 4*k + n = 2851, -4*n + 406 = k - 318. What is the tens digit of k?
1
Let z = -798 - -1468. What is the units digit of z?
0
Suppose -237 = 6*v - 1557. Suppose 0*s = -4*s + v. What is the tens digit of s?
5
Suppose -3*x = -2*x - 2*b - 13, -4*x + 22 = -2*b. Suppose -x*p - 54 = 30. Let z = -15 - p. What is the units digit of z?
3
Suppose 0 = 44*m - 42*m - 660. What is the units digit of m?
0
Let s be (-18)/(-1) + (-3 - -5). Let z be (s/50)/(2/(-20)). What is the units digit of z/3*(-39)/2?
6
Let j(h) be the first derivative of -h**4/4 + h**3/3 - h**2/2 + 41*h - 4. Let n be j(0). Let p = n - 17. What is the units digit of p?
4
What is the units digit of 630/(-189)*6627/(-5)?
8
Let q(y) = -8*y - 33. Let j(v) = -32*v - 133. Let c(l) = 2*j(l) - 9*q(l). What is the hundreds digit of c(19)?
1
Suppose -5*v = -8*v - 24. Suppose -3*u - 3 = 0, 6*f - 51 = 2*f - u. Let h = f + v. What is the units digit of h?
5
Suppose 6*i - 14 = 22. Suppose -2*o - i = 0, -3*o - 619 = c - 6*c. What is the hundreds digit of c?
1
Suppose -4*d + 50 = -7*w + 2*w, 0 = 2*w - 3*d + 27. Let u(h) = -7*h + 12. What is the units digit of u(w)?
4
Let l(j) = -j**3 - 4*j**2 + 9*j + 8. Suppose 2*o - 19 = 5*x - 0*x, 3*x + 3*o + 3 = 0. Let w be (15 + x)*2/(-4). What is the tens digit of l(w)?
2
Suppose -11 + 23 = 3*d. Suppose 141 = 4*c + y, -3*c - d*y - 48 = -5*c. What is the units digit of c?
4
Let a(i) = -i**3 + 19*i**2 - 19*i - 10. Let w(j) = -j**2 + j - 2. Let g(m) = -a(m) - w(m). What is the tens digit of g(17)?
2
Let r = -2 + 20. Suppose -c + r = -5*x, -2*c = -0*c + 4*x + 6. Suppose -9 = -3*h + c*u, 6*h - 2*u = 2*h + 16. What is the units digit of h?
5
Let a(k) = -k**2 + 9*k - 15. Let n be a(10). Let l = n - -88. What is the units digit of l?
3
Let f = -21 - -24. Suppose 2*b + f*b - 135 = 0. Suppose 6*o = 117 - b. What is the units digit of o?
5
Suppose -3*u - 27*k + 32*k = -10106, -6748 = -2*u - 2*k. What is the tens digit of u?
7
Let p(u) = -u**2 - 13*u - 10. Let x be p(-9). Suppose -6*v - x = -38. What is the units digit of v?
2
Let b = 106 + 536. What is the units digit of b?
2
Let s(p) = -p**3 + 4*p**2 + 15*p + 27. What is the units digit of s(-8)?
5
Let k(a) = -a**3 + 8*a**2 - 6*a - 3. Let h be k(7). Suppose j - 209 = -4*j - 3*q, 0 = -h*j - q + 163. What is the tens digit of j?
4
Suppose 0 = -5*b - 23 - 17. Let m be ((-341)/44)/(2/b). Suppose -2*s + 17 = -m. What is the units digit of s?
4
Let f(d) = -4*d + 17. Let q be f(7). Let c = q + 34. What is the tens digit of c?
2
Let b = 17 + -17. Let l be b/(1 + (-3)/1). Suppose 3*z - 39 = -3*f, l = 4*f - 0*f - z - 32. What is the units digit of f?
9
Let u = 9 + 288. What is the units digit of u?
7
Let o(n) = -5*n - 4. Let y(k) = k + 1. Suppose m - 30 = -4*m. Let v(a) = m*y(a) + o(a). What is the units digit of v(5)?
7
Suppose -191 = -3*c + 346. What is the tens digit of c?
7
Suppose -26*w - 2 = -522. What is the units digit of w?
0
Suppose -4*l + 7820 = -4*c, -2*l = -4*c - 1352 - 2554. What is the units digit of l?
7
Let i(b) = 8*b**2 - 25*b + 180. What is the hundreds digit of i(6)?
3
Let b = -52 - -49. What is the units digit of ((-1)/(-4)*131)/(b/(-12))?
1
Let t = 0 - 4. Let z(v) = -10*v - 4. What is the tens digit of z(t)?
3
Suppose -186 - 48 = -9*x. What is the tens digit of x + -2 + 12/(-4)?
2
Let q be ((-2)/3)/((-14)/357). Suppose q = 5*z + 2. Suppose z*u - 2*p = -u + 130, -3*p = -4*u + 133. What is the tens digit of u?
3
Let z(s) = 3*s**2 - 6*s - 57. What is the units digit of z(-4)?
5
Suppose -49*c = -47*c. Suppose c*u + 192 = 3*n + 3*u, 3*n - 187 = -4*u. What is the tens digit of n?
6
Let x = 165 - 63. Suppose 5*i - 10 - 10 = 0. Suppose i*k - 3*d + 17 = x, 0 = -3*d + 15. What is the tens digit of k?
2
Suppose 4*r + 2*k = 3*k + 2193, 532 = r + 3*k. What is the units digit of r?
7
Let k be (-6)/(3/(-6) + -1). Let l be 2*(k/8 - 1). What is the tens digit of l/2*14*-5?
3
Suppose 2*s + 3468 = -10*s. Let d = s - -504. What is the hundreds digit of d?
2
Suppose 5*v = -w + 3138, -w + 4*v = -2280 - 867. What is the tens digit of w?
4
Let v(n) = 38*n**2 - n - 1. Let j be v(-1). Let k be (-322)/(-42) + 2/(-6)*2. Suppose -j - k = -3*x. What is the units digit of x?
5
Let j(n) = 0 + 0*n - n + 12. Let h be 105/20 - 1/4. What is the units digit of j(h)?
7
Let u(d) be the second derivative of d**3/2 + 7*d**2 + 11*d. What is the units digit of u(15)?
9
Suppose 27940 = 14*v - 4*v. What is the units digit of v?
4
Suppose -h + 3 - 4 = 0, -11 = -2*z + 5*h. Suppose 0 = -z*x - 43 + 460. What is the tens digit of x?
3
Let t = -65 - -6. Let q = -37 - t. What is the units digit of q?
2
Let p = 42 - 39. Let c = p + 39. What is the tens digit of c?
4
Let m(a) = -17*a - 7*a - 30 + 36*a. What is the units digit of m(12)?
4
Let n = -10 + 51. Suppose -9 + n = 4*m. Suppose 3*q - m*q = -70. What is the units digit of q?
4
Suppose 3*y = 5*s - 35, 7*s - 3*s + y - 11 = 0. Suppose -2 = -2*m + m. Suppose -25 = -2*t + 5*h, m*t - s = -0*h - 2*h. What is the units digit of t?
5
Let t(r) = -r**3 - 11*r**2 + 2. Let y be t(-11). What is the tens digit of (y + -3 + (-6)/(-8))*-148?
3
Let i(d) = -1126*d + 23. Let k be i(5). What is the units digit of (-33)/(-12) - 3 - k/28?
0
What is the hundreds digit of (-29)/116 + 5498/8?
6
Suppose 187*y + 3824 = 195*y. What is the hundreds digit of y?
4
Suppose 5661 = 4*y - 3*c, 0*c + 4*c = 2*y - 2818. What is the tens digit of y?
1
Suppose 5*m + 962 = 2*w, -w - 6*m + 483 = -9*m. What is the hundreds digit of w?
4
Let x(k) = 2*k + 2. Let h be x(-1). What is the units digit of 38/3*6/1 - h?
6
Let w = 2788 + -1685. What is the hundreds digit of w?
1
Suppose 3*p - 920 = -5*p. Suppose 365 = 5*o - p. What is the units digit of o?
6
Suppose 0*c - 5*c = f - 12, -5*c = 2*f - 9. Let v = f + 7. Suppose v*i - 3*u - 8 - 47 = 0, 0 = 2*i + 4*u. What is the units digit of i?
0
Let n = 169 + -70. What is the tens digit of n?
9
Suppose -7*i + 4*i = 0. Suppose i = -7*w - 779 + 1997. What is the units digit of w?
4
Let g(z) = 5*z**2 - 23*z - 7. Let j be g(5). Suppose -3*f + 10 = -5. Suppose -x + 4 = 2*l - 56, j*l - 293 = -f*x. What is the units digit of x?
8
What is the units digit of (953/(-3))/(((-14)/6)/7)?
3
Let p(o) = -90*o - 1. Let w be p(-1). Let d = w - -17. What is the units digit of d?
6
Suppose 15 = -4*s + 7*s. Suppose 3 = -p - 3*j + 12, s*j = p + 7. Suppose p*z - 10 = 41. What is the units digit of z?
7
Let j(l) = l**3 + 15*l**2 - 14*l + 16. What is the tens digit of j(-15)?
2
Let i = 854 - 461. What is the tens digit of i?
9
Let l = -18 + 25. Let z(q) = -3*q - 2*q**2 + 3*q**2 - 2*q + 2*q + 5. What is the tens digit of z(l)?
3
Suppose 0 = -0*q - 2*q + 4. Suppose 2*b + q*b - 204 = 0. What is the units digit of b/(-2)*24/(-18)?
4
Let o be (6/8)/(2/8). Suppose -5 = -o*t + 13. Suppose -2*f = -t - 12. What is the units digit of f?
9
Suppose 5*x - 4 = 4*x. What is the tens digit of x + 250/(-65) + (-1660)/(-26)?
6
Suppose -54*a - 29069 + 154673 = 0. What is the tens digit of a?
2
Let o = -110 + -16. Let t = -99 - o. What is the tens digit of t?
2
What is the units digit of (2/(-6))/(2/(-1542))?
7
Suppose -3*p = -6*p - 87. Suppose 5*g - 64 + 419 = 0. Let f = p - g. What is the tens digit of f?
4
Let f(b) = -1108*b + 13. What is the thousands digit of f(-1)?
1
Suppose 0*f = -3*f - 390. Let p = 254 + f. What is the hundreds digit of p?
1
Let w(k) = 8*k**2 - 2*k + 3. Let f be w(4). Suppose f = 5*l - 4*i - 541, 0 = -5*l - 2*i + 688. What is the hundreds digit of l?
1
Suppose -60*z - 138 = -61*z. What is the hundreds digit of z?
1
Let o be (-16)/(-10)*(-17 + 12). Let z = o - 9. Let v = z - -35. What is the tens digit of v?
1
Suppose -2*q + 6 = 0, -2*n + 5*q = -0*n + 7. Suppose 189 = n*w - 35. What is the tens digit of w?
5
Let w(r) = -r**2 - 46*r + 107. What is the hundreds digit of w(-36)?
4
Let o(l) = -13*l + 65. What is the hundreds digit of o(-17)?
2
What is the units digit of ((-16)/4 - 1938)*(-2)/4?
1
Let c = -9 - -18. Let j be (-220)/(-12) + (-3)/c. Let q = -9 + j. What is the units digit of q?
9
Let q = -88 + 51. Suppose 0 = 59*o - 3219 - 498. Let r = o + q. What is the tens digit of r?
2
Suppose 858*m - 91056 = 834*m. What is the tens digit of m?
9
Let t(n) = -2*n